{"id":230,"date":"2019-01-27T19:24:14","date_gmt":"2019-01-27T19:24:14","guid":{"rendered":"http:\/\/www.fckamenice.cz\/?page_id=230"},"modified":"2026-04-04T21:32:27","modified_gmt":"2026-04-04T21:32:27","slug":"brigady","status":"publish","type":"page","link":"https:\/\/www.fckamenice.cz\/index.php\/brigady\/","title":{"rendered":"Brig\u00e1dy"},"content":{"rendered":"<p><strong><a href=\"http:\/\/www.fckamenice.cz\/wp-content\/uploads\/2025\/12\/cropped-finalniznak.png\"><img loading=\"lazy\" decoding=\"async\" class=\"alignleft size-full wp-image-1598\" src=\"http:\/\/www.fckamenice.cz\/wp-content\/uploads\/2025\/12\/cropped-finalniznak.png\" alt=\"\" width=\"512\" height=\"512\" srcset=\"https:\/\/www.fckamenice.cz\/wp-content\/uploads\/2025\/12\/cropped-finalniznak.png 512w, https:\/\/www.fckamenice.cz\/wp-content\/uploads\/2025\/12\/cropped-finalniznak-150x150.png 150w, https:\/\/www.fckamenice.cz\/wp-content\/uploads\/2025\/12\/cropped-finalniznak-300x300.png 300w, https:\/\/www.fckamenice.cz\/wp-content\/uploads\/2025\/12\/cropped-finalniznak-270x270.png 270w, https:\/\/www.fckamenice.cz\/wp-content\/uploads\/2025\/12\/cropped-finalniznak-192x192.png 192w, https:\/\/www.fckamenice.cz\/wp-content\/uploads\/2025\/12\/cropped-finalniznak-180x180.png 180w, https:\/\/www.fckamenice.cz\/wp-content\/uploads\/2025\/12\/cropped-finalniznak-32x32.png 32w\" sizes=\"auto, (max-width: 512px) 100vw, 512px\" \/><\/a>MOMENT\u00c1LN\u011a \u017d\u00c1DN\u00c9 BRIG\u00c1DY V DOHLEDN\u00c9 DOB\u011a NEJSOU !!<\/strong><\/p>\n<p><strong>MOMENT\u00c1LN\u011a \u017d\u00c1DN\u00c9 BRIG\u00c1DY V DOHLEDN\u00c9 DOB\u011a NEJSOU !!<\/strong><\/p>\n<p><strong>MOMENT\u00c1LN\u011a \u017d\u00c1DN\u00c9 BRIG\u00c1DY V DOHLEDN\u00c9 DOB\u011a NEJSOU !!<\/strong><\/p>\n<p><strong>MOMENT\u00c1LN\u011a \u017d\u00c1DN\u00c9 BRIG\u00c1DY V DOHLEDN\u00c9 DOB\u011a NEJSOU !!<\/strong><\/p>\n<p><strong>MOMENT\u00c1LN\u011a \u017d\u00c1DN\u00c9 BRIG\u00c1DY V DOHLEDN\u00c9 DOB\u011a NEJSOU !!<\/strong><\/p>\n<p><strong>MOMENT\u00c1LN\u011a \u017d\u00c1DN\u00c9 BRIG\u00c1DY V DOHLEDN\u00c9 DOB\u011a NEJSOU !!<\/strong><\/p>\n<p><strong>MOMENT\u00c1LN\u011a \u017d\u00c1DN\u00c9 BRIG\u00c1DY V DOHLEDN\u00c9 DOB\u011a NEJSOU !!<\/strong><\/p>\n<p><strong>MOMENT\u00c1LN\u011a \u017d\u00c1DN\u00c9 BRIG\u00c1DY V DOHLEDN\u00c9 DOB\u011a NEJSOU !!<\/strong><\/p>\n<p>&nbsp;<\/p>\n<p>&nbsp;<\/p>\n<p>&nbsp;<\/p>\n<p>&nbsp;<\/p>\n<p>&nbsp;<\/p>\n<p>&nbsp;<\/p>\n<p>&nbsp;<\/p>\n<p>&nbsp;<\/p>\n<p>&nbsp;<\/p>\n<p>&nbsp;<\/p>\n<p>&nbsp;<\/p>\n","protected":false},"excerpt":{"rendered":"<p>MOMENT\u00c1LN\u011a \u017d\u00c1DN\u00c9 BRIG\u00c1DY V DOHLEDN\u00c9 DOB\u011a NEJSOU !! MOMENT\u00c1LN\u011a \u017d\u00c1DN\u00c9 BRIG\u00c1DY V DOHLEDN\u00c9 DOB\u011a NEJSOU !! MOMENT\u00c1LN\u011a \u017d\u00c1DN\u00c9 BRIG\u00c1DY V DOHLEDN\u00c9 DOB\u011a NEJSOU !! MOMENT\u00c1LN\u011a \u017d\u00c1DN\u00c9 BRIG\u00c1DY V DOHLEDN\u00c9 DOB\u011a NEJSOU !! MOMENT\u00c1LN\u011a \u017d\u00c1DN\u00c9 BRIG\u00c1DY V DOHLEDN\u00c9 DOB\u011a NEJSOU !! MOMENT\u00c1LN\u011a \u017d\u00c1DN\u00c9 BRIG\u00c1DY V DOHLEDN\u00c9 DOB\u011a NEJSOU !! MOMENT\u00c1LN\u011a \u017d\u00c1DN\u00c9 BRIG\u00c1DY V DOHLEDN\u00c9 DOB\u011a NEJSOU [&hellip;]<\/p>\n","protected":false},"author":1,"featured_media":0,"parent":0,"menu_order":0,"comment_status":"closed","ping_status":"closed","template":"","meta":{"footnotes":""},"class_list":["post-230","page","type-page","status-publish","hentry"],"_links":{"self":[{"href":"https:\/\/www.fckamenice.cz\/index.php\/wp-json\/wp\/v2\/pages\/230","targetHints":{"allow":["GET"]}}],"collection":[{"href":"https:\/\/www.fckamenice.cz\/index.php\/wp-json\/wp\/v2\/pages"}],"about":[{"href":"https:\/\/www.fckamenice.cz\/index.php\/wp-json\/wp\/v2\/types\/page"}],"author":[{"embeddable":true,"href":"https:\/\/www.fckamenice.cz\/index.php\/wp-json\/wp\/v2\/users\/1"}],"replies":[{"embeddable":true,"href":"https:\/\/www.fckamenice.cz\/index.php\/wp-json\/wp\/v2\/comments?post=230"}],"version-history":[{"count":13,"href":"https:\/\/www.fckamenice.cz\/index.php\/wp-json\/wp\/v2\/pages\/230\/revisions"}],"predecessor-version":[{"id":1714,"href":"https:\/\/www.fckamenice.cz\/index.php\/wp-json\/wp\/v2\/pages\/230\/revisions\/1714"}],"wp:attachment":[{"href":"https:\/\/www.fckamenice.cz\/index.php\/wp-json\/wp\/v2\/media?parent=230"}],"curies":[{"name":"wp","href":"https:\/\/api.w.org\/{rel}","templated":true}]}}