{"id":104,"date":"2018-03-22T16:39:28","date_gmt":"2018-03-22T16:39:28","guid":{"rendered":"http:\/\/www.fckamenice.cz\/?page_id=104"},"modified":"2026-04-04T21:41:36","modified_gmt":"2026-04-04T21:41:36","slug":"zapasy","status":"publish","type":"page","link":"https:\/\/www.fckamenice.cz\/index.php\/zapasy\/","title":{"rendered":"Z\u00e1pasy"},"content":{"rendered":"<div class=\"col-100 col-s-75 m-b-20\">\n<div class=\"match\">\n<div class=\"row\">\n<div class=\"col-100 col-s-100 match-description\">\n<div class=\"match\">\n<div class=\"match-meta\">\n<div class=\"row\">\n<div class=\"col-100 col-s-30 txt-l txt-s-r print-float-r\">\n<div class=\"col-100 col-s-75 m-b-20\">\n<div class=\"match\">\n<div class=\"row\">\n<div class=\"col-100 col-s-100 match-description\">\n<div class=\"match\">\n<div class=\"row\">\n<div><a href=\"http:\/\/www.fckamenice.cz\"><img loading=\"lazy\" decoding=\"async\" class=\"alignright\" src=\"http:\/\/www.fckamenice.cz\/wp-content\/uploads\/2018\/02\/znak-261x300.jpg\" width=\"45\" height=\"52\" \/><\/a><\/div>\n<div class=\"col-100 col-s-100 match-description\">\n<div class=\"match\">\n<div class=\"match-meta\">\n<div class=\"row\">\n<h1 class=\"col-100 col-s-50 txt-l\"><b style=\"font-size: 1.5rem;\">Rozpis I.A Libereck\u00fd kraj:<\/b><\/h1>\n<p><strong>21.kolo NE 12.4.26 FC Kamenice &#8211; Jiskra M\u0161eno-Jablonec n.N 15:00<\/strong><\/p>\n<p><strong>22.kolo<\/strong> SO 18.4.26 SK Z\u00e1sada &#8211; FC Kamenice 17:00<\/p>\n<p><strong>23.kolo NE 26.4.26 FC Kamenice &#8211; SK Jilemnice 15:00<\/strong><\/p>\n<p><strong>24.kolo\u00a0<\/strong>SO 2.5.26 SK Semily &#8211; FC Kamenice 17:00<\/p>\n<p><strong>25.kolo NE 10.5.26 FC Kamenice &#8211; Tatran Jablonn\u00e9 v Podje\u0161ted\u00ed 15:00<\/strong><\/p>\n<p style=\"text-align: left;\"><strong>26.kolo\u00a0<\/strong>SO 16.5.26 TJ Sokol Ruprechtice &#8211; FC Kamenice 17:00<\/p>\n<\/div>\n<\/div>\n<\/div>\n<\/div>\n<\/div>\n<\/div>\n<\/div>\n<\/div>\n<\/div>\n<\/div>\n<\/div>\n<\/div>\n<\/div>\n<\/div>\n<\/div>\n<\/div>\n<\/div>\n<\/div>\n<p><!--more--><\/p>\n","protected":false},"excerpt":{"rendered":"<p>Rozpis I.A Libereck\u00fd kraj: 21.kolo NE 12.4.26 FC Kamenice &#8211; Jiskra M\u0161eno-Jablonec n.N 15:00 22.kolo SO 18.4.26 SK Z\u00e1sada &#8211; FC Kamenice 17:00 23.kolo NE 26.4.26 FC Kamenice &#8211; SK Jilemnice 15:00 24.kolo\u00a0SO 2.5.26 SK Semily &#8211; FC Kamenice 17:00 25.kolo NE 10.5.26 FC Kamenice &#8211; Tatran Jablonn\u00e9 v Podje\u0161ted\u00ed 15:00 26.kolo\u00a0SO 16.5.26 TJ Sokol [&hellip;]<\/p>\n","protected":false},"author":1,"featured_media":0,"parent":0,"menu_order":0,"comment_status":"closed","ping_status":"closed","template":"","meta":{"footnotes":""},"class_list":["post-104","page","type-page","status-publish","hentry"],"_links":{"self":[{"href":"https:\/\/www.fckamenice.cz\/index.php\/wp-json\/wp\/v2\/pages\/104","targetHints":{"allow":["GET"]}}],"collection":[{"href":"https:\/\/www.fckamenice.cz\/index.php\/wp-json\/wp\/v2\/pages"}],"about":[{"href":"https:\/\/www.fckamenice.cz\/index.php\/wp-json\/wp\/v2\/types\/page"}],"author":[{"embeddable":true,"href":"https:\/\/www.fckamenice.cz\/index.php\/wp-json\/wp\/v2\/users\/1"}],"replies":[{"embeddable":true,"href":"https:\/\/www.fckamenice.cz\/index.php\/wp-json\/wp\/v2\/comments?post=104"}],"version-history":[{"count":77,"href":"https:\/\/www.fckamenice.cz\/index.php\/wp-json\/wp\/v2\/pages\/104\/revisions"}],"predecessor-version":[{"id":1719,"href":"https:\/\/www.fckamenice.cz\/index.php\/wp-json\/wp\/v2\/pages\/104\/revisions\/1719"}],"wp:attachment":[{"href":"https:\/\/www.fckamenice.cz\/index.php\/wp-json\/wp\/v2\/media?parent=104"}],"curies":[{"name":"wp","href":"https:\/\/api.w.org\/{rel}","templated":true}]}}