{"id":103,"date":"2018-03-22T16:39:28","date_gmt":"2018-03-22T16:39:28","guid":{"rendered":"http:\/\/www.fckamenice.cz\/?page_id=103"},"modified":"2020-09-01T19:59:11","modified_gmt":"2020-09-01T19:59:11","slug":"galerie","status":"publish","type":"page","link":"https:\/\/www.fckamenice.cz\/index.php\/galerie\/","title":{"rendered":"Galerie"},"content":{"rendered":"<p><a href=\"http:\/\/www.fckamenice.cz\"><img loading=\"lazy\" decoding=\"async\" class=\"wp-image-56 alignright\" style=\"font-size: 1rem;\" src=\"http:\/\/www.fckamenice.cz\/wp-content\/uploads\/2018\/02\/znak-261x300.jpg\" alt=\"\" width=\"61\" height=\"70\" \/><\/a><\/p>\n<p>&nbsp;<\/p>\n<p><a href=\"http:\/\/www.fckamenice.cz\/index.php\/galerie\/1960-utkani-v-kamenici\/\">1960<\/a>\u00a0 \u00a0 \u00a0 \u00a0 \u00a0 \u00a0 \u00a0 \u00a0 \u00a0 \u00a0 \u00a0 \u00a0 \u00a0 \u00a0 \u00a0 \u00a0 \u00a0 \u00a0 \u00a0 \u00a0 \u00a0 \u00a0 \u00a0 \u00a0 \u00a0 \u00a0 \u00a0 \u00a0 \u00a0 \u00a0\u00a0<a href=\"http:\/\/www.fckamenice.cz\/index.php\/galerie\/2016-2\/\">2016<\/a>\u00a0 \u00a0 \u00a0 \u00a0 \u00a0 \u00a0 \u00a0 \u00a0 \u00a0 \u00a0 \u00a0 \u00a0 \u00a0 \u00a0 \u00a0 \u00a0 \u00a0 \u00a0 \u00a0 \u00a0 \u00a0 <a href=\"http:\/\/www.fckamenice.cz\/index.php\/galerie\/team\/\">Team<\/a> .<br \/>\n<a href=\"http:\/\/www.fckamenice.cz\/index.php\/galerie\/1965-jestrebi_kamenice\/\">1965 Jest\u0159eb\u00ed &#8211; Kamenice\u00a0<\/a>\u00a0 \u00a0 \u00a0 \u00a0 \u00a0 \u00a0 \u00a0 \u00a0 \u00a0 \u00a0 \u00a0 \u00a0<a href=\"http:\/\/www.fckamenice.cz\/index.php\/galerie\/2016-mistri-okresniho-preboru\/\">2016 Mist\u0159i okres. p\u0159eboru<\/a>\u00a0.<br \/>\n<a href=\"http:\/\/www.fckamenice.cz\/index.php\/1987-dolni-libchava-kamenice\/\">1987 Doln\u00ed Libchava &#8211; Kamenice<\/a>\u00a0 \u00a0 \u00a0 \u00a0 \u00a0 \u00a0\u00a0<a href=\"http:\/\/www.fckamenice.cz\/index.php\/galerie\/2017-2\/\">2017<\/a> .<br \/>\n<a href=\"http:\/\/www.fckamenice.cz\/index.php\/galerie\/1999-2\/\">1999<\/a>\u00a0 \u00a0 \u00a0 \u00a0 \u00a0 \u00a0 \u00a0 \u00a0 \u00a0 \u00a0 \u00a0 \u00a0 \u00a0 \u00a0 \u00a0 \u00a0 \u00a0 \u00a0 \u00a0 \u00a0 \u00a0 \u00a0 \u00a0 \u00a0 \u00a0 \u00a0 \u00a0 \u00a0 \u00a0 \u00a0\u00a0<a href=\"http:\/\/www.fckamenice.cz\/index.php\/galerie\/2018-2\/\">2018<\/a> .<br \/>\n<a href=\"http:\/\/www.fckamenice.cz\/index.php\/galerie\/cerven-2001-srandamatch\/\">2001 \u010derven<\/a>\u00a0 \u00a0 \u00a0 \u00a0 \u00a0 \u00a0 \u00a0 \u00a0 \u00a0 \u00a0 \u00a0 \u00a0 \u00a0 \u00a0 \u00a0 \u00a0 \u00a0 \u00a0 \u00a0 \u00a0 \u00a0 \u00a0 \u00a0 \u00a0<a href=\"http:\/\/www.fckamenice.cz\/index.php\/2019-2\">2019<\/a>\u00a0.<br \/>\n<a href=\"http:\/\/www.fckamenice.cz\/index.php\/galerie\/2004-2\/\">2004 dorost<\/a>\u00a0.\u00a0 \u00a0 \u00a0 \u00a0 \u00a0 \u00a0 \u00a0 \u00a0 \u00a0 \u00a0 \u00a0 \u00a0 \u00a0 \u00a0 \u00a0 \u00a0 \u00a0 \u00a0 \u00a0 \u00a0 \u00a0 \u00a0 \u00a0<a href=\"http:\/\/www.fckamenice.cz\/index.php\/galerie\/2020-2\/\">2020<\/a><br \/>\n<a href=\"http:\/\/www.fckamenice.cz\/index.php\/2011-zari-kamenice-1-zakupy-1\/\">2011 z\u00e1\u0159\u00ed<\/a>\u00a0.<br \/>\n<a href=\"http:\/\/www.fckamenice.cz\/index.php\/galerie\/2012-duben-kamenice-5-skalice-b-0\/\">2012 duben<\/a>\u00a0.<br \/>\n<a href=\"http:\/\/www.fckamenice.cz\/index.php\/galerie\/2013-listopad-dubice-5-kamenice-3\/\">2013 listopad<\/a>\u00a0.<br \/>\n<a href=\"http:\/\/www.fckamenice.cz\/index.php\/2014-2\/\">2014<\/a>\u00a0.<br \/>\n<a href=\"http:\/\/www.fckamenice.cz\/index.php\/galerie\/pokus\/\">2015<\/a>\u00a0.<\/p>\n","protected":false},"excerpt":{"rendered":"<p>&nbsp; 1960\u00a0 \u00a0 \u00a0 \u00a0 \u00a0 \u00a0 \u00a0 \u00a0 \u00a0 \u00a0 \u00a0 \u00a0 \u00a0 \u00a0 \u00a0 \u00a0 \u00a0 \u00a0 \u00a0 \u00a0 \u00a0 \u00a0 \u00a0 \u00a0 \u00a0 \u00a0 \u00a0 \u00a0 \u00a0 \u00a0\u00a02016\u00a0 \u00a0 \u00a0 \u00a0 \u00a0 \u00a0 \u00a0 \u00a0 \u00a0 \u00a0 \u00a0 \u00a0 \u00a0 \u00a0 \u00a0 \u00a0 \u00a0 \u00a0 \u00a0 \u00a0 \u00a0 Team . 1965 Jest\u0159eb\u00ed [&hellip;]<\/p>\n","protected":false},"author":1,"featured_media":0,"parent":0,"menu_order":0,"comment_status":"closed","ping_status":"closed","template":"page-templates\/full-width.php","meta":{"footnotes":""},"class_list":["post-103","page","type-page","status-publish","hentry"],"_links":{"self":[{"href":"https:\/\/www.fckamenice.cz\/index.php\/wp-json\/wp\/v2\/pages\/103","targetHints":{"allow":["GET"]}}],"collection":[{"href":"https:\/\/www.fckamenice.cz\/index.php\/wp-json\/wp\/v2\/pages"}],"about":[{"href":"https:\/\/www.fckamenice.cz\/index.php\/wp-json\/wp\/v2\/types\/page"}],"author":[{"embeddable":true,"href":"https:\/\/www.fckamenice.cz\/index.php\/wp-json\/wp\/v2\/users\/1"}],"replies":[{"embeddable":true,"href":"https:\/\/www.fckamenice.cz\/index.php\/wp-json\/wp\/v2\/comments?post=103"}],"version-history":[{"count":42,"href":"https:\/\/www.fckamenice.cz\/index.php\/wp-json\/wp\/v2\/pages\/103\/revisions"}],"predecessor-version":[{"id":1517,"href":"https:\/\/www.fckamenice.cz\/index.php\/wp-json\/wp\/v2\/pages\/103\/revisions\/1517"}],"wp:attachment":[{"href":"https:\/\/www.fckamenice.cz\/index.php\/wp-json\/wp\/v2\/media?parent=103"}],"curies":[{"name":"wp","href":"https:\/\/api.w.org\/{rel}","templated":true}]}}